830 = 68*j. Let z = -165 - j. What is the greatest common divisor of z and 60?
60
Let i(d) = d**2 - 5*d + 15. Let q(a) = -a**2 + a. Let j(o) = i(o) + 2*q(o). Let y be j(0). Calculate the greatest common factor of y and 60.
15
Let x(z) = 14*z + 938. Let p be x(-30). Calculate the greatest common divisor of p and 84.
14
Let u(v) be the second derivative of v**4/12 + v**3/3 + 4*v**2 + v. Let r be u(-10). Suppose 104 + 72 = 16*x. What is the highest common factor of r and x?
11
Let n = 367 - 362. Suppose 0 = 5*p - 4*t - 53, p + t - n = 2. Calculate the highest common divisor of 243 and p.
9
Suppose 313*o - 38198 = 8752. What is the highest common divisor of 2000 and o?
50
Let h be ((-3)/(45/10))/(4/(-60)). Suppose 2*j = -5*m + 3250, -5*m - h*j = -5*j - 3250. What is the greatest common divisor of m and 50?
50
Let d(c) = 222*c + 8407. Let s be d(-35). Calculate the highest common factor of 26 and s.
13
Let t = 2546 - 2403. Calculate the greatest common divisor of t and 11.
11
Let u(b) = -b**3 - 18*b**2 + 6*b - 13. Let y be u(-19). Calculate the highest common divisor of 416 and y.
26
Let r = 1167 - 1140. Calculate the greatest common factor of r and 261.
9
Suppose -n + 2*n = 18. Suppose -b + 3*j = 5, 4*j = -2*b - j - 21. Let t = b - -26. What is the highest common factor of t and n?
18
Let b(i) = i**2 - 8*i - 5. Let m be b(-5). Let d = 36352 - 36337. Calculate the highest common factor of d and m.
15
Suppose 5*v - 55 = -0. Suppose v = 5*h - 29. What is the greatest common divisor of h and 8?
8
Let u(b) = b**3 + 12*b**2 + 15*b + 14. Let a(r) = -3*r**2 + 21. Let d be a(3). Let y be u(d). Calculate the greatest common divisor of 196 and y.
28
Let h = 81 - 73. Suppose -3*m - h = m, -4*m + 328 = 3*t. What is the greatest common factor of t and 48?
16
Let z be (-1729)/(-35) - 2/5. Suppose 0 = 143*a - 7450 + 3446. Calculate the highest common divisor of z and a.
7
Let l(c) = -39*c - 1826. Let h be l(-71). What is the highest common divisor of 123 and h?
41
Let p = -36310 - -36332. What is the highest common divisor of 682 and p?
22
Let b = -94 - -131. Suppose -4*h = -m - 33 - b, -m = -5*h + 88. Calculate the highest common divisor of h and 162.
18
Suppose v = 3*v - 2*n, 5*v = 4*n. Let o be -184*((-5)/40 - v). Calculate the greatest common divisor of 299 and o.
23
Let b = -218 + 225. Let f be 5320/(-60) - (-2)/3. Let h = 137 + f. What is the highest common factor of h and b?
7
Let i be (12 - 15)*1*298/(-3). What is the greatest common divisor of i and 12?
2
Let a be (((-13338)/104)/19)/(4/(-128)). Suppose -2*m - 2*o = -110, 5*m + 106 = o + 375. What is the highest common factor of a and m?
54
Let n = 7763 + 3978. Calculate the highest common factor of n and 118.
59
Let a(r) = -8*r - 54 - 3*r + 2*r + r. Let p be a(-13). Let x be (19 - 0)/1 - -1. Calculate the highest common divisor of p and x.
10
Let w(l) = l**2 - l + 7. Let x(s) = s**3 + 3*s**2 - 5*s - 11. Let h be x(-3). Let d be w(h). What is the greatest common divisor of d and 209?
19
Let r(v) be the first derivative of -3*v**2 - 175 - v + 164 + v**2. Let z be r(-2). What is the highest common factor of 28 and z?
7
Let x be ((-116)/(-725))/(3/3135) + (-8)/(-10). What is the greatest common factor of x and 280?
56
Let y(v) = -v**2 + 38*v - 112. Let f be y(16). Calculate the highest common factor of 420 and f.
60
Let t(l) be the second derivative of l**4/4 - 6*l**3 - 26*l**2 - 3*l - 24. Let k be t(16). What is the highest common factor of 80 and k?
20
Suppose -4*f + 24 = -f. Let o(g) = 397*g - 17292. Let h be o(44). Calculate the greatest common divisor of h and f.
8
Suppose 3*j = -j - 2*q + 2120, -544 = -j - 4*q. What is the highest common factor of 2304 and j?
48
Let v = 100 - 45. Let r = -35 + v. Suppose -2*t + s - 42 = -3*t, 5*t - s - 198 = 0. Calculate the highest common factor of r and t.
20
Let j(w) = -6*w**2. Let q be j(-1). Let u = 26 - q. Suppose 5*c + 1961*g - 138 = 1964*g, -2*g = 2*c - 36. Calculate the greatest common divisor of c and u.
8
Let u(b) = -b**2 - 17*b - 55. Let z be u(-6). Suppose -13*o + z*o + 3*v = -171, 224 = 3*o + 2*v. What is the greatest common factor of o and 39?
39
Let x(g) = -2*g**2 - 8*g + 28. Suppose 13*w - 2*w = -66. Let m be x(w). Calculate the greatest common divisor of 18 and m.
2
Let d = 32988 - 32826. Calculate the highest common factor of 5211 and d.
27
Suppose 287*i + 1306217 = 3161780 + 6010533. Calculate the greatest common divisor of i and 12.
12
Let n(h) = -10*h - 6. Suppose -7 = 3*m + 2. Let d be n(m). Let y = d + 24. What is the greatest common factor of 6 and y?
6
Suppose 74*o - 77*o = -3*q + 6, -23 = -4*q + o. Suppose -8 + 0 = -2*z. Suppose z*v = 435 - 127. Calculate the greatest common divisor of q and v.
7
Let q be ((828/15)/(-6))/(6/(-30)). Let x be q + 6 + (-18)/6. Calculate the highest common factor of 49 and x.
49
Let o = 204 + -64. Let b = -1293 + 1313. What is the highest common divisor of o and b?
20
Let w(q) = -99*q - 2370. Let k be w(-25). Calculate the greatest common factor of k and 455.
35
Let h(w) = w + 22*w + 5*w + 30*w**2 - 32 - w**3 + 5*w. Let q be h(31). What is the greatest common factor of 60 and q?
30
Let b be 12/(-2) - -10 - 1. Let l be (-3*b/6)/(10/(-460)). What is the highest common divisor of l and 9?
3
Let z be (-3 + (-1155)/(-6))/((-15)/(-1680)). Suppose 2200 + z = 24*r. What is the greatest common divisor of 16 and r?
16
Let i(w) = -13*w**2 + 81*w - 12. Let y be i(6). Let a be 924/36 - 1/(y/(-8)). Calculate the greatest common factor of a and 144.
9
Let q = 30 - 6. Let b = -605 + 635. Calculate the greatest common divisor of b and q.
6
Suppose -12*t - 78 = -25*t. Let g(u) = 2*u**2 - 11*u + 2. Let n be g(t). What is the greatest common divisor of 6 and n?
2
Suppose -80*k + 206279 = -116615 - 118706. Calculate the highest common divisor of 90 and k.
30
Let h = -24 - -36. Let x be (-3 + -15)*64/h. Let a be (-9)/3 + x/(-4). What is the greatest common divisor of 21 and a?
21
Let n = -13901 + 16043. What is the greatest common factor of n and 105?
21
Let t(f) = 2177*f - 32627. Let y be t(15). Let o = -138 + 334. Calculate the greatest common factor of o and y.
28
Let i be (-17272)/(-44) - (-7 + (-996)/(-132)). Calculate the highest common factor of i and 24.
8
Let b = -9116 - -15918. What is the highest common divisor of b and 76?
38
Let a be 290/140*2278 + (-185)/(-35) + -5. Calculate the greatest common divisor of a and 968.
121
Suppose m + 0*z - z = 5, 0 = 2*m + 2*z - 10. Let r = 31 - -5. Suppose 2*o - 2*x = 24, -2*o - 2*x + r = 2*o. What is the greatest common factor of m and o?
5
Let r = 13 + -8. Suppose b + 225 = r*t - 2*b, 4*t - 172 = 4*b. Suppose -24*h + 24 = -20*h. What is the greatest common divisor of t and h?
6
Let f(t) = 12*t**2 - 709*t - 384. Let u be f(60). What is the highest common divisor of 4071 and u?
69
Let v(b) = -b**2 - 15*b + 15. Let j be v(10). Let n = j - -236. Suppose 5*y - 41 = p, p - 49 = -3*y - 2*y. Calculate the highest common divisor of y and n.
1
Suppose -2*u = 5*y - 172, 168 = 4*u - 2*u + 3*y. Let r = -2214 - -2223. What is the highest common divisor of r and u?
9
Let q be 134/18 + -1 - 64/144. Suppose -11 = -p + 5*i, q*p - 3*i - 10 = 2*p. Calculate the highest common factor of p and 1.
1
Suppose 69*r + 177*r = 123000. What is the greatest common factor of r and 720?
20
Let q = 107 + -105. Suppose 0 = 4*d + 5*t - 1125, 0*d - 5*t - 555 = -q*d. What is the greatest common factor of d and 35?
35
Let z(p) = 8*p**2 - 239*p + 30. Let b be z(34). What is the greatest common divisor of b and 672?
96
Let o be 200/72 + 2/9. Suppose o*x - 73 - 80 = 0. Let n be -2 + x - (9 - 5). Calculate the highest common divisor of n and 18.
9
Suppose -120 + 14 = -s. Let u(g) = -14*g - 65. Let y be u(-16). What is the greatest common divisor of s and y?
53
Let u be ((-639)/(-45) + -16)/((-2)/30). Calculate the highest common divisor of u and 981.
9
Let d = 2605 + -2276. Let y be ((-28)/8)/(2/(-4)). Calculate the highest common divisor of d and y.
7
Suppose 5*s - 14 = 11. Suppose 21 = 4*h - z - 14, s*z = h + 15. Let r be (12/h)/(8/200). Calculate the highest common factor of 210 and r.
30
Let r = -3767 + 3562. Let t = -268 + 581. Let l = t + r. What is the highest common divisor of 12 and l?
12
Let k(o) = 13*o**2 + 4*